{"id":1333,"date":"2026-02-08T13:20:56","date_gmt":"2026-02-08T12:20:56","guid":{"rendered":"https:\/\/senioren-netzwerk.ch\/?page_id=1333"},"modified":"2026-02-08T13:20:56","modified_gmt":"2026-02-08T12:20:56","slug":"rotes_kreuz","status":"publish","type":"page","link":"https:\/\/senioren-netzwerk.ch\/index.php\/rotes_kreuz\/","title":{"rendered":"Rotes Kreuz Kanton Schwyz"},"content":{"rendered":"<div class=\"entry-content wp-block-post-content is-layout-constrained wp-block-post-content-is-layout-constrained\">\n<p>Seit 130 Jahren steht das Rote Kreuz Kanton Schwyz f\u00fcr Menschlichkeit, Hilfe in der Not und Engagement f\u00fcr die Schw\u00e4chsten unserer Gesellschaft.<strong><br \/>\n<\/strong><\/p>\n<p><strong><a href=\"https:\/\/www.srk-schwyz.ch\/angebote\/unterstuetzung-im-alltag\/fahrdienst\" target=\"_blank\" rel=\"noopener\">Fahrdienst<\/a>\u00a0<\/strong><\/p>\n<\/div>\n<p><a href=\"https:\/\/www.srk-schwyz.ch\/angebote\/unterstuetzung-im-alltag\/rotkreuz-notrufsysteme\" target=\"_blank\" rel=\"noopener\"><strong>Notrufsysteme<\/strong><\/a><\/p>\n<p><a href=\"https:\/\/www.srk-schwyz.ch\/angebote\/unterstuetzung-im-alltag\/entlastung-fuer-betreuende-angehoerige\" target=\"_blank\" rel=\"noopener\"><strong>Entlastung f\u00fcr betreuende Angeh\u00f6rige<\/strong><\/a><\/p>\n<p><strong><a href=\"https:\/\/www.srk-schwyz.ch\/angebote\/beratung\" target=\"_blank\" rel=\"noopener\">Beratung<\/a><\/strong><\/p>\n","protected":false},"excerpt":{"rendered":"<p>Seit 130 Jahren steht das Rote Kreuz Kanton Schwyz f\u00fcr Menschlichkeit, Hilfe in der Not und Engagement f\u00fcr die Schw\u00e4chsten unserer Gesellschaft. Fahrdienst\u00a0 Notrufsysteme Entlastung f\u00fcr betreuende Angeh\u00f6rige Beratung<\/p>\n","protected":false},"author":1,"featured_media":1332,"parent":0,"menu_order":0,"comment_status":"closed","ping_status":"closed","template":"page-no-separators","meta":{"_monsterinsights_skip_tracking":false,"_monsterinsights_sitenote_active":false,"_monsterinsights_sitenote_note":"","_monsterinsights_sitenote_category":0,"footnotes":""},"class_list":["post-1333","page","type-page","status-publish","has-post-thumbnail","hentry"],"yoast_head":"<!-- This site is optimized with the Yoast SEO plugin v27.3 - https:\/\/yoast.com\/product\/yoast-seo-wordpress\/ -->\n<title>Rotes Kreuz Kanton Schwyz - Senioren NetzWERK<\/title>\n<meta name=\"description\" content=\"Betr\u00fcger und Diebe schlafen nicht und nutzen gerade die \u00abAltersnachsicht\u00bb aus, sei es als Taschendieb im Tram, als windiger Weinverk\u00e4ufer an der Haust\u00fcr, als Enkeltrickbetr\u00fcger oder sogar als Heiratschwindler im Internet.\" \/>\n<meta name=\"robots\" content=\"index, follow, max-snippet:-1, max-image-preview:large, max-video-preview:-1\" \/>\n<link rel=\"canonical\" href=\"https:\/\/senioren-netzwerk.ch\/index.php\/rotes_kreuz\/\" \/>\n<meta property=\"og:locale\" content=\"de_DE\" \/>\n<meta property=\"og:type\" content=\"article\" \/>\n<meta property=\"og:title\" content=\"Rotes Kreuz Kanton Schwyz - Senioren NetzWERK\" \/>\n<meta property=\"og:description\" content=\"Betr\u00fcger und Diebe schlafen nicht und nutzen gerade die \u00abAltersnachsicht\u00bb aus, sei es als Taschendieb im Tram, als windiger Weinverk\u00e4ufer an der Haust\u00fcr, als Enkeltrickbetr\u00fcger oder sogar als Heiratschwindler im Internet.\" \/>\n<meta property=\"og:url\" content=\"https:\/\/senioren-netzwerk.ch\/index.php\/rotes_kreuz\/\" \/>\n<meta property=\"og:site_name\" content=\"Senioren NetzWERK\" \/>\n<meta property=\"og:image\" content=\"https:\/\/senioren-netzwerk.ch\/wp-content\/uploads\/2026\/02\/Rotes-Kreuz-Kanton-Schwyz.jpg\" \/>\n\t<meta property=\"og:image:width\" content=\"1447\" \/>\n\t<meta property=\"og:image:height\" content=\"307\" \/>\n\t<meta property=\"og:image:type\" content=\"image\/jpeg\" \/>\n<meta name=\"twitter:card\" content=\"summary_large_image\" \/>\n<meta name=\"twitter:label1\" content=\"Gesch\u00e4tzte Lesezeit\" \/>\n\t<meta name=\"twitter:data1\" content=\"1\u00a0Minute\" \/>\n<script type=\"application\/ld+json\" class=\"yoast-schema-graph\">{\"@context\":\"https:\\\/\\\/schema.org\",\"@graph\":[{\"@type\":\"WebPage\",\"@id\":\"https:\\\/\\\/senioren-netzwerk.ch\\\/index.php\\\/rotes_kreuz\\\/\",\"url\":\"https:\\\/\\\/senioren-netzwerk.ch\\\/index.php\\\/rotes_kreuz\\\/\",\"name\":\"Rotes Kreuz Kanton Schwyz - Senioren NetzWERK\",\"isPartOf\":{\"@id\":\"https:\\\/\\\/senioren-netzwerk.ch\\\/#website\"},\"primaryImageOfPage\":{\"@id\":\"https:\\\/\\\/senioren-netzwerk.ch\\\/index.php\\\/rotes_kreuz\\\/#primaryimage\"},\"image\":{\"@id\":\"https:\\\/\\\/senioren-netzwerk.ch\\\/index.php\\\/rotes_kreuz\\\/#primaryimage\"},\"thumbnailUrl\":\"https:\\\/\\\/senioren-netzwerk.ch\\\/wp-content\\\/uploads\\\/2026\\\/02\\\/Rotes-Kreuz-Kanton-Schwyz.jpg\",\"datePublished\":\"2026-02-08T12:20:56+00:00\",\"description\":\"Betr\u00fcger und Diebe schlafen nicht und nutzen gerade die \u00abAltersnachsicht\u00bb aus, sei es als Taschendieb im Tram, als windiger Weinverk\u00e4ufer an der Haust\u00fcr, als Enkeltrickbetr\u00fcger oder sogar als Heiratschwindler im Internet.\",\"breadcrumb\":{\"@id\":\"https:\\\/\\\/senioren-netzwerk.ch\\\/index.php\\\/rotes_kreuz\\\/#breadcrumb\"},\"inLanguage\":\"de\",\"potentialAction\":[{\"@type\":\"ReadAction\",\"target\":[\"https:\\\/\\\/senioren-netzwerk.ch\\\/index.php\\\/rotes_kreuz\\\/\"]}]},{\"@type\":\"ImageObject\",\"inLanguage\":\"de\",\"@id\":\"https:\\\/\\\/senioren-netzwerk.ch\\\/index.php\\\/rotes_kreuz\\\/#primaryimage\",\"url\":\"https:\\\/\\\/senioren-netzwerk.ch\\\/wp-content\\\/uploads\\\/2026\\\/02\\\/Rotes-Kreuz-Kanton-Schwyz.jpg\",\"contentUrl\":\"https:\\\/\\\/senioren-netzwerk.ch\\\/wp-content\\\/uploads\\\/2026\\\/02\\\/Rotes-Kreuz-Kanton-Schwyz.jpg\",\"width\":1447,\"height\":307},{\"@type\":\"BreadcrumbList\",\"@id\":\"https:\\\/\\\/senioren-netzwerk.ch\\\/index.php\\\/rotes_kreuz\\\/#breadcrumb\",\"itemListElement\":[{\"@type\":\"ListItem\",\"position\":1,\"name\":\"Startseite\",\"item\":\"https:\\\/\\\/senioren-netzwerk.ch\\\/\"},{\"@type\":\"ListItem\",\"position\":2,\"name\":\"Rotes Kreuz Kanton Schwyz\"}]},{\"@type\":\"WebSite\",\"@id\":\"https:\\\/\\\/senioren-netzwerk.ch\\\/#website\",\"url\":\"https:\\\/\\\/senioren-netzwerk.ch\\\/\",\"name\":\"Senioren NetzWERK\",\"description\":\"\",\"publisher\":{\"@id\":\"https:\\\/\\\/senioren-netzwerk.ch\\\/#organization\"},\"potentialAction\":[{\"@type\":\"SearchAction\",\"target\":{\"@type\":\"EntryPoint\",\"urlTemplate\":\"https:\\\/\\\/senioren-netzwerk.ch\\\/?s={search_term_string}\"},\"query-input\":{\"@type\":\"PropertyValueSpecification\",\"valueRequired\":true,\"valueName\":\"search_term_string\"}}],\"inLanguage\":\"de\"},{\"@type\":\"Organization\",\"@id\":\"https:\\\/\\\/senioren-netzwerk.ch\\\/#organization\",\"name\":\"Senioren NetzWERK\",\"url\":\"https:\\\/\\\/senioren-netzwerk.ch\\\/\",\"logo\":{\"@type\":\"ImageObject\",\"inLanguage\":\"de\",\"@id\":\"https:\\\/\\\/senioren-netzwerk.ch\\\/#\\\/schema\\\/logo\\\/image\\\/\",\"url\":\"https:\\\/\\\/senioren-netzwerk.ch\\\/wp-content\\\/uploads\\\/2023\\\/10\\\/cropped-Senioren-NetzWERK-Gersau-Logo.jpg\",\"contentUrl\":\"https:\\\/\\\/senioren-netzwerk.ch\\\/wp-content\\\/uploads\\\/2023\\\/10\\\/cropped-Senioren-NetzWERK-Gersau-Logo.jpg\",\"width\":1292,\"height\":677,\"caption\":\"Senioren NetzWERK\"},\"image\":{\"@id\":\"https:\\\/\\\/senioren-netzwerk.ch\\\/#\\\/schema\\\/logo\\\/image\\\/\"}}]}<\/script>\n<!-- \/ Yoast SEO plugin. -->","yoast_head_json":{"title":"Rotes Kreuz Kanton Schwyz - Senioren NetzWERK","description":"Betr\u00fcger und Diebe schlafen nicht und nutzen gerade die \u00abAltersnachsicht\u00bb aus, sei es als Taschendieb im Tram, als windiger Weinverk\u00e4ufer an der Haust\u00fcr, als Enkeltrickbetr\u00fcger oder sogar als Heiratschwindler im Internet.","robots":{"index":"index","follow":"follow","max-snippet":"max-snippet:-1","max-image-preview":"max-image-preview:large","max-video-preview":"max-video-preview:-1"},"canonical":"https:\/\/senioren-netzwerk.ch\/index.php\/rotes_kreuz\/","og_locale":"de_DE","og_type":"article","og_title":"Rotes Kreuz Kanton Schwyz - Senioren NetzWERK","og_description":"Betr\u00fcger und Diebe schlafen nicht und nutzen gerade die \u00abAltersnachsicht\u00bb aus, sei es als Taschendieb im Tram, als windiger Weinverk\u00e4ufer an der Haust\u00fcr, als Enkeltrickbetr\u00fcger oder sogar als Heiratschwindler im Internet.","og_url":"https:\/\/senioren-netzwerk.ch\/index.php\/rotes_kreuz\/","og_site_name":"Senioren NetzWERK","og_image":[{"width":1447,"height":307,"url":"https:\/\/senioren-netzwerk.ch\/wp-content\/uploads\/2026\/02\/Rotes-Kreuz-Kanton-Schwyz.jpg","type":"image\/jpeg"}],"twitter_card":"summary_large_image","twitter_misc":{"Gesch\u00e4tzte Lesezeit":"1\u00a0Minute"},"schema":{"@context":"https:\/\/schema.org","@graph":[{"@type":"WebPage","@id":"https:\/\/senioren-netzwerk.ch\/index.php\/rotes_kreuz\/","url":"https:\/\/senioren-netzwerk.ch\/index.php\/rotes_kreuz\/","name":"Rotes Kreuz Kanton Schwyz - Senioren NetzWERK","isPartOf":{"@id":"https:\/\/senioren-netzwerk.ch\/#website"},"primaryImageOfPage":{"@id":"https:\/\/senioren-netzwerk.ch\/index.php\/rotes_kreuz\/#primaryimage"},"image":{"@id":"https:\/\/senioren-netzwerk.ch\/index.php\/rotes_kreuz\/#primaryimage"},"thumbnailUrl":"https:\/\/senioren-netzwerk.ch\/wp-content\/uploads\/2026\/02\/Rotes-Kreuz-Kanton-Schwyz.jpg","datePublished":"2026-02-08T12:20:56+00:00","description":"Betr\u00fcger und Diebe schlafen nicht und nutzen gerade die \u00abAltersnachsicht\u00bb aus, sei es als Taschendieb im Tram, als windiger Weinverk\u00e4ufer an der Haust\u00fcr, als Enkeltrickbetr\u00fcger oder sogar als Heiratschwindler im Internet.","breadcrumb":{"@id":"https:\/\/senioren-netzwerk.ch\/index.php\/rotes_kreuz\/#breadcrumb"},"inLanguage":"de","potentialAction":[{"@type":"ReadAction","target":["https:\/\/senioren-netzwerk.ch\/index.php\/rotes_kreuz\/"]}]},{"@type":"ImageObject","inLanguage":"de","@id":"https:\/\/senioren-netzwerk.ch\/index.php\/rotes_kreuz\/#primaryimage","url":"https:\/\/senioren-netzwerk.ch\/wp-content\/uploads\/2026\/02\/Rotes-Kreuz-Kanton-Schwyz.jpg","contentUrl":"https:\/\/senioren-netzwerk.ch\/wp-content\/uploads\/2026\/02\/Rotes-Kreuz-Kanton-Schwyz.jpg","width":1447,"height":307},{"@type":"BreadcrumbList","@id":"https:\/\/senioren-netzwerk.ch\/index.php\/rotes_kreuz\/#breadcrumb","itemListElement":[{"@type":"ListItem","position":1,"name":"Startseite","item":"https:\/\/senioren-netzwerk.ch\/"},{"@type":"ListItem","position":2,"name":"Rotes Kreuz Kanton Schwyz"}]},{"@type":"WebSite","@id":"https:\/\/senioren-netzwerk.ch\/#website","url":"https:\/\/senioren-netzwerk.ch\/","name":"Senioren NetzWERK","description":"","publisher":{"@id":"https:\/\/senioren-netzwerk.ch\/#organization"},"potentialAction":[{"@type":"SearchAction","target":{"@type":"EntryPoint","urlTemplate":"https:\/\/senioren-netzwerk.ch\/?s={search_term_string}"},"query-input":{"@type":"PropertyValueSpecification","valueRequired":true,"valueName":"search_term_string"}}],"inLanguage":"de"},{"@type":"Organization","@id":"https:\/\/senioren-netzwerk.ch\/#organization","name":"Senioren NetzWERK","url":"https:\/\/senioren-netzwerk.ch\/","logo":{"@type":"ImageObject","inLanguage":"de","@id":"https:\/\/senioren-netzwerk.ch\/#\/schema\/logo\/image\/","url":"https:\/\/senioren-netzwerk.ch\/wp-content\/uploads\/2023\/10\/cropped-Senioren-NetzWERK-Gersau-Logo.jpg","contentUrl":"https:\/\/senioren-netzwerk.ch\/wp-content\/uploads\/2023\/10\/cropped-Senioren-NetzWERK-Gersau-Logo.jpg","width":1292,"height":677,"caption":"Senioren NetzWERK"},"image":{"@id":"https:\/\/senioren-netzwerk.ch\/#\/schema\/logo\/image\/"}}]}},"jetpack_sharing_enabled":true,"_links":{"self":[{"href":"https:\/\/senioren-netzwerk.ch\/index.php\/wp-json\/wp\/v2\/pages\/1333","targetHints":{"allow":["GET"]}}],"collection":[{"href":"https:\/\/senioren-netzwerk.ch\/index.php\/wp-json\/wp\/v2\/pages"}],"about":[{"href":"https:\/\/senioren-netzwerk.ch\/index.php\/wp-json\/wp\/v2\/types\/page"}],"author":[{"embeddable":true,"href":"https:\/\/senioren-netzwerk.ch\/index.php\/wp-json\/wp\/v2\/users\/1"}],"replies":[{"embeddable":true,"href":"https:\/\/senioren-netzwerk.ch\/index.php\/wp-json\/wp\/v2\/comments?post=1333"}],"version-history":[{"count":1,"href":"https:\/\/senioren-netzwerk.ch\/index.php\/wp-json\/wp\/v2\/pages\/1333\/revisions"}],"predecessor-version":[{"id":1334,"href":"https:\/\/senioren-netzwerk.ch\/index.php\/wp-json\/wp\/v2\/pages\/1333\/revisions\/1334"}],"wp:featuredmedia":[{"embeddable":true,"href":"https:\/\/senioren-netzwerk.ch\/index.php\/wp-json\/wp\/v2\/media\/1332"}],"wp:attachment":[{"href":"https:\/\/senioren-netzwerk.ch\/index.php\/wp-json\/wp\/v2\/media?parent=1333"}],"curies":[{"name":"wp","href":"https:\/\/api.w.org\/{rel}","templated":true}]}}