{"id":2,"date":"2023-10-30T15:44:09","date_gmt":"2023-10-30T15:44:09","guid":{"rendered":"https:\/\/senioren-netzwerk.ch\/?page_id=2"},"modified":"2026-02-08T14:27:23","modified_gmt":"2026-02-08T13:27:23","slug":"ueber-uns","status":"publish","type":"page","link":"https:\/\/senioren-netzwerk.ch\/index.php\/ueber-uns\/","title":{"rendered":"\u00dcber uns"},"content":{"rendered":"<h5><strong>Wer sind wir?<\/strong><\/h5>\n<p>Der Verein <strong>Senioren NetzWERK <\/strong>wurde im Oktober 2023 von Freiwilligen aus dem Bezirk gegr\u00fcndet, zur:<\/p>\n<ul>\n<li>Unterst\u00fctzung und F\u00f6rderung der Interessen und Bed\u00fcrfnisse von Seniorinnen und Senioren.<\/li>\n<li>Weiterentwicklung der Angebote f\u00fcr Seniorinnen und Senioren.<\/li>\n<li>F\u00f6rderung der Freiwilligenarbeit im Seniorenbereich.<\/li>\n<\/ul>\n<p style=\"line-height: 0.01;\"><strong>Vorstand:<\/strong><\/p>\n<ul>\n<li>Beat Ritschard\u00a0 &lt;&gt;\u00a0 Pr\u00e4sident<\/li>\n<li>Verena Baggenstos\u00a0 &lt;&gt;\u00a0 Aktuarin<\/li>\n<li>Martine Kalmar\u00a0 &lt;&gt;\u00a0 Kassierin<\/li>\n<li>Max-Peter Felchlin\u00a0 &lt;&gt;\u00a0 IT &amp; Vertretung Seniorenkommission<\/li>\n<li>Karin Camenzind\u00a0 &lt;&gt;\u00a0 Beisitzerin<\/li>\n<li>Jane Hartmann\u00a0 &lt;&gt;\u00a0 Beisitzerin<\/li>\n<li>Trix Christen\u00a0 &lt;&gt;\u00a0 Vertretung Pro Senectute<\/li>\n<\/ul>\n<p>&nbsp;<\/p>\n<h5><strong>Was ist unser Ziel?<\/strong><\/h5>\n<p>Gersau soll ein noch attraktiverer Wohnort f\u00fcr \u00e4ltere Menschen werden und niemand soll in Gersau das Leben allein oder sogar einsam meistern m\u00fcssen, der das nicht m\u00f6chte!<\/p>\n<p>&nbsp;<\/p>\n<h5><strong>Was bieten wir an?<\/strong><\/h5>\n<ul>\n<li><a href=\"https:\/\/senioren-netzwerk.ch\/index.php\/veranstaltungen\/\">Veranstaltungen<\/a>\u00a0 \u00a0&#8211;&gt;\u00a0 <a href=\"https:\/\/senioren-netzwerk.ch\/index.php\/veranstaltungs-verantwortliche\/\">Ansprechpersonen<\/a><\/li>\n<li><a href=\"https:\/\/senioren-netzwerk.ch\/index.php\/senioren-helfen-senioren\/\">Senioren helfen Senioren<\/a><\/li>\n<\/ul>\n<p>Um auf dem aktuellen Stand zu sein, melden Sie sich f\u00fcr den <a href=\"https:\/\/senioren-netzwerk.ch\/index.php\/anmeldung-newsletter\/\">Newsletter<\/a> an.<\/p>\n<p>&nbsp;<\/p>\n<h5><strong>F\u00fcr wen sind diese Aktivit\u00e4ten bestimmt?<\/strong><\/h5>\n<p>F\u00fcr alle Seniorinnen und Senioren 60+ in Gersau und Umgebung.<\/p>\n<p>&nbsp;<\/p>\n<h5><strong>Wir brauchen Ihre Unterst\u00fctzung!<\/strong><\/h5>\n<p>Wir suchen Vereinsmitglieder, die uns mit einem bescheidenen Jahresbeitrag von Fr. 20 &#8211; und noch besser auch mit einer aktiven Mitarbeit dabei unterst\u00fctzen, unserem Ziel n\u00e4her zu kommen.<\/p>\n<p><a href=\"https:\/\/senioren-netzwerk.ch\/index.php\/anmeldung\/\" target=\"_blank\" rel=\"noopener\">Anmeldeformular<\/a><\/p>\n<p>&nbsp;<\/p>\n<h5><strong>Downloads<\/strong><\/h5>\n<p><a href=\"https:\/\/senioren-netzwerk.ch\/wp-content\/uploads\/2024\/03\/Verein-Senioren-NetzWERK-Statuten-2024-03-21.pdf\" target=\"_blank\" rel=\"noopener\">Statuten<\/a><\/p>\n<p><a href=\"https:\/\/senioren-netzwerk.ch\/wp-content\/uploads\/2026\/02\/Einzahlungsschein-Senioren-Netzwerk-Gersau-mit-Bilder.pdf\" target=\"_blank\" rel=\"noopener\">Einzahlungsschein<\/a><\/p>\n<p>&nbsp;<\/p>\n","protected":false},"excerpt":{"rendered":"<p>Wer sind wir? Der Verein Senioren NetzWERK wurde im Oktober 2023 von Freiwilligen aus dem Bezirk gegr\u00fcndet, zur: Unterst\u00fctzung und F\u00f6rderung der Interessen und Bed\u00fcrfnisse von Seniorinnen und Senioren. Weiterentwicklung der Angebote f\u00fcr Seniorinnen und Senioren. F\u00f6rderung der Freiwilligenarbeit im Seniorenbereich. Vorstand: Beat Ritschard\u00a0 &lt;&gt;\u00a0 Pr\u00e4sident Verena Baggenstos\u00a0 &lt;&gt;\u00a0 Aktuarin Martine Kalmar\u00a0 &lt;&gt;\u00a0 Kassierin Max-Peter [&hellip;]<\/p>\n","protected":false},"author":1,"featured_media":0,"parent":0,"menu_order":0,"comment_status":"closed","ping_status":"open","template":"page-no-separators","meta":{"_monsterinsights_skip_tracking":false,"_monsterinsights_sitenote_active":false,"_monsterinsights_sitenote_note":"","_monsterinsights_sitenote_category":0,"footnotes":""},"class_list":["post-2","page","type-page","status-publish","hentry"],"yoast_head":"<!-- This site is optimized with the Yoast SEO plugin v27.3 - https:\/\/yoast.com\/product\/yoast-seo-wordpress\/ -->\n<title>\u00dcber uns - Senioren NetzWERK<\/title>\n<meta name=\"description\" content=\"Der Verein Senioren NetzWERK, gegr\u00fcndet im Oktober 2023, setzt sich f\u00fcr die Unterst\u00fctzung von Seniorinnen und Senioren im Bezirk ein.\" \/>\n<meta name=\"robots\" content=\"index, follow, max-snippet:-1, max-image-preview:large, max-video-preview:-1\" \/>\n<link rel=\"canonical\" href=\"https:\/\/senioren-netzwerk.ch\/index.php\/ueber-uns\/\" \/>\n<meta property=\"og:locale\" content=\"de_DE\" \/>\n<meta property=\"og:type\" content=\"article\" \/>\n<meta property=\"og:title\" content=\"\u00dcber uns - Senioren NetzWERK\" \/>\n<meta property=\"og:description\" content=\"Der Verein Senioren NetzWERK, gegr\u00fcndet im Oktober 2023, setzt sich f\u00fcr die Unterst\u00fctzung von Seniorinnen und Senioren im Bezirk ein.\" \/>\n<meta property=\"og:url\" content=\"https:\/\/senioren-netzwerk.ch\/index.php\/ueber-uns\/\" \/>\n<meta property=\"og:site_name\" content=\"Senioren NetzWERK\" \/>\n<meta property=\"article:modified_time\" content=\"2026-02-08T13:27:23+00:00\" \/>\n<meta name=\"twitter:card\" content=\"summary_large_image\" \/>\n<meta name=\"twitter:label1\" content=\"Gesch\u00e4tzte Lesezeit\" \/>\n\t<meta name=\"twitter:data1\" content=\"1\u00a0Minute\" \/>\n<script type=\"application\/ld+json\" class=\"yoast-schema-graph\">{\"@context\":\"https:\\\/\\\/schema.org\",\"@graph\":[{\"@type\":\"WebPage\",\"@id\":\"https:\\\/\\\/senioren-netzwerk.ch\\\/index.php\\\/ueber-uns\\\/\",\"url\":\"https:\\\/\\\/senioren-netzwerk.ch\\\/index.php\\\/ueber-uns\\\/\",\"name\":\"\u00dcber uns - Senioren NetzWERK\",\"isPartOf\":{\"@id\":\"https:\\\/\\\/senioren-netzwerk.ch\\\/#website\"},\"datePublished\":\"2023-10-30T15:44:09+00:00\",\"dateModified\":\"2026-02-08T13:27:23+00:00\",\"description\":\"Der Verein Senioren NetzWERK, gegr\u00fcndet im Oktober 2023, setzt sich f\u00fcr die Unterst\u00fctzung von Seniorinnen und Senioren im Bezirk ein.\",\"breadcrumb\":{\"@id\":\"https:\\\/\\\/senioren-netzwerk.ch\\\/index.php\\\/ueber-uns\\\/#breadcrumb\"},\"inLanguage\":\"de\",\"potentialAction\":[{\"@type\":\"ReadAction\",\"target\":[\"https:\\\/\\\/senioren-netzwerk.ch\\\/index.php\\\/ueber-uns\\\/\"]}]},{\"@type\":\"BreadcrumbList\",\"@id\":\"https:\\\/\\\/senioren-netzwerk.ch\\\/index.php\\\/ueber-uns\\\/#breadcrumb\",\"itemListElement\":[{\"@type\":\"ListItem\",\"position\":1,\"name\":\"Startseite\",\"item\":\"https:\\\/\\\/senioren-netzwerk.ch\\\/\"},{\"@type\":\"ListItem\",\"position\":2,\"name\":\"\u00dcber uns\"}]},{\"@type\":\"WebSite\",\"@id\":\"https:\\\/\\\/senioren-netzwerk.ch\\\/#website\",\"url\":\"https:\\\/\\\/senioren-netzwerk.ch\\\/\",\"name\":\"Senioren NetzWERK\",\"description\":\"\",\"publisher\":{\"@id\":\"https:\\\/\\\/senioren-netzwerk.ch\\\/#organization\"},\"potentialAction\":[{\"@type\":\"SearchAction\",\"target\":{\"@type\":\"EntryPoint\",\"urlTemplate\":\"https:\\\/\\\/senioren-netzwerk.ch\\\/?s={search_term_string}\"},\"query-input\":{\"@type\":\"PropertyValueSpecification\",\"valueRequired\":true,\"valueName\":\"search_term_string\"}}],\"inLanguage\":\"de\"},{\"@type\":\"Organization\",\"@id\":\"https:\\\/\\\/senioren-netzwerk.ch\\\/#organization\",\"name\":\"Senioren NetzWERK\",\"url\":\"https:\\\/\\\/senioren-netzwerk.ch\\\/\",\"logo\":{\"@type\":\"ImageObject\",\"inLanguage\":\"de\",\"@id\":\"https:\\\/\\\/senioren-netzwerk.ch\\\/#\\\/schema\\\/logo\\\/image\\\/\",\"url\":\"https:\\\/\\\/senioren-netzwerk.ch\\\/wp-content\\\/uploads\\\/2023\\\/10\\\/cropped-Senioren-NetzWERK-Gersau-Logo.jpg\",\"contentUrl\":\"https:\\\/\\\/senioren-netzwerk.ch\\\/wp-content\\\/uploads\\\/2023\\\/10\\\/cropped-Senioren-NetzWERK-Gersau-Logo.jpg\",\"width\":1292,\"height\":677,\"caption\":\"Senioren NetzWERK\"},\"image\":{\"@id\":\"https:\\\/\\\/senioren-netzwerk.ch\\\/#\\\/schema\\\/logo\\\/image\\\/\"}}]}<\/script>\n<!-- \/ Yoast SEO plugin. -->","yoast_head_json":{"title":"\u00dcber uns - Senioren NetzWERK","description":"Der Verein Senioren NetzWERK, gegr\u00fcndet im Oktober 2023, setzt sich f\u00fcr die Unterst\u00fctzung von Seniorinnen und Senioren im Bezirk ein.","robots":{"index":"index","follow":"follow","max-snippet":"max-snippet:-1","max-image-preview":"max-image-preview:large","max-video-preview":"max-video-preview:-1"},"canonical":"https:\/\/senioren-netzwerk.ch\/index.php\/ueber-uns\/","og_locale":"de_DE","og_type":"article","og_title":"\u00dcber uns - Senioren NetzWERK","og_description":"Der Verein Senioren NetzWERK, gegr\u00fcndet im Oktober 2023, setzt sich f\u00fcr die Unterst\u00fctzung von Seniorinnen und Senioren im Bezirk ein.","og_url":"https:\/\/senioren-netzwerk.ch\/index.php\/ueber-uns\/","og_site_name":"Senioren NetzWERK","article_modified_time":"2026-02-08T13:27:23+00:00","twitter_card":"summary_large_image","twitter_misc":{"Gesch\u00e4tzte Lesezeit":"1\u00a0Minute"},"schema":{"@context":"https:\/\/schema.org","@graph":[{"@type":"WebPage","@id":"https:\/\/senioren-netzwerk.ch\/index.php\/ueber-uns\/","url":"https:\/\/senioren-netzwerk.ch\/index.php\/ueber-uns\/","name":"\u00dcber uns - Senioren NetzWERK","isPartOf":{"@id":"https:\/\/senioren-netzwerk.ch\/#website"},"datePublished":"2023-10-30T15:44:09+00:00","dateModified":"2026-02-08T13:27:23+00:00","description":"Der Verein Senioren NetzWERK, gegr\u00fcndet im Oktober 2023, setzt sich f\u00fcr die Unterst\u00fctzung von Seniorinnen und Senioren im Bezirk ein.","breadcrumb":{"@id":"https:\/\/senioren-netzwerk.ch\/index.php\/ueber-uns\/#breadcrumb"},"inLanguage":"de","potentialAction":[{"@type":"ReadAction","target":["https:\/\/senioren-netzwerk.ch\/index.php\/ueber-uns\/"]}]},{"@type":"BreadcrumbList","@id":"https:\/\/senioren-netzwerk.ch\/index.php\/ueber-uns\/#breadcrumb","itemListElement":[{"@type":"ListItem","position":1,"name":"Startseite","item":"https:\/\/senioren-netzwerk.ch\/"},{"@type":"ListItem","position":2,"name":"\u00dcber uns"}]},{"@type":"WebSite","@id":"https:\/\/senioren-netzwerk.ch\/#website","url":"https:\/\/senioren-netzwerk.ch\/","name":"Senioren NetzWERK","description":"","publisher":{"@id":"https:\/\/senioren-netzwerk.ch\/#organization"},"potentialAction":[{"@type":"SearchAction","target":{"@type":"EntryPoint","urlTemplate":"https:\/\/senioren-netzwerk.ch\/?s={search_term_string}"},"query-input":{"@type":"PropertyValueSpecification","valueRequired":true,"valueName":"search_term_string"}}],"inLanguage":"de"},{"@type":"Organization","@id":"https:\/\/senioren-netzwerk.ch\/#organization","name":"Senioren NetzWERK","url":"https:\/\/senioren-netzwerk.ch\/","logo":{"@type":"ImageObject","inLanguage":"de","@id":"https:\/\/senioren-netzwerk.ch\/#\/schema\/logo\/image\/","url":"https:\/\/senioren-netzwerk.ch\/wp-content\/uploads\/2023\/10\/cropped-Senioren-NetzWERK-Gersau-Logo.jpg","contentUrl":"https:\/\/senioren-netzwerk.ch\/wp-content\/uploads\/2023\/10\/cropped-Senioren-NetzWERK-Gersau-Logo.jpg","width":1292,"height":677,"caption":"Senioren NetzWERK"},"image":{"@id":"https:\/\/senioren-netzwerk.ch\/#\/schema\/logo\/image\/"}}]}},"jetpack_sharing_enabled":true,"_links":{"self":[{"href":"https:\/\/senioren-netzwerk.ch\/index.php\/wp-json\/wp\/v2\/pages\/2","targetHints":{"allow":["GET"]}}],"collection":[{"href":"https:\/\/senioren-netzwerk.ch\/index.php\/wp-json\/wp\/v2\/pages"}],"about":[{"href":"https:\/\/senioren-netzwerk.ch\/index.php\/wp-json\/wp\/v2\/types\/page"}],"author":[{"embeddable":true,"href":"https:\/\/senioren-netzwerk.ch\/index.php\/wp-json\/wp\/v2\/users\/1"}],"replies":[{"embeddable":true,"href":"https:\/\/senioren-netzwerk.ch\/index.php\/wp-json\/wp\/v2\/comments?post=2"}],"version-history":[{"count":21,"href":"https:\/\/senioren-netzwerk.ch\/index.php\/wp-json\/wp\/v2\/pages\/2\/revisions"}],"predecessor-version":[{"id":1341,"href":"https:\/\/senioren-netzwerk.ch\/index.php\/wp-json\/wp\/v2\/pages\/2\/revisions\/1341"}],"wp:attachment":[{"href":"https:\/\/senioren-netzwerk.ch\/index.php\/wp-json\/wp\/v2\/media?parent=2"}],"curies":[{"name":"wp","href":"https:\/\/api.w.org\/{rel}","templated":true}]}}